u = -249000. Calculate the remainder when u is divided by 326.
22
Suppose -1104 = -11*s - 598. What is the remainder when s is divided by 14?
4
Let x = -710 - -709. Calculate the remainder when 83 is divided by 4 + 2 + -4 + 1/x.
0
Suppose 36*y - 247*y - 224*y = -20880. What is the remainder when 2268 is divided by y?
12
Let z(t) = 9*t**3 - 2*t**2 + t - 1. Let g be z(1). What is the remainder when (-1)/(g/(-2)) - 2088/(-42) is divided by 9?
5
Suppose 28*r = 33*r + 5, 4*a - 3060 = -4*r. What is the remainder when a is divided by 375?
16
Let i(v) = 5*v**2 + 90*v - 2. Let b be i(-18). What is the remainder when 57 is divided by 9/(-2)*b*(-224)/(-96)?
15
Let u = -24767 + 25675. Calculate the remainder when 3637 is divided by u.
5
Let j(z) = 64*z**3 + z**2 + 2*z. Let s be j(2). Suppose 1352 = 4*r + 4*d, -4*d + 497 = 3*r - s. What is the remainder when r is divided by 21?
20
Suppose j - 4*t = -14 + 4, 0 = -4*j + 2*t + 2. Let l(c) = -1 - c + 6 - 2 + c**2. Calculate the remainder when 7 is divided by l(j).
2
What is the remainder when 323 is divided by 84 + (7 + -6 + 2)*2?
53
Suppose 2*q = 4 + 2. Suppose -q*h + 57 = -15. Calculate the remainder when 119*(-1)/2*-2 is divided by h.
23
Suppose 0 = 2*x, 5*z - 13 - 147 = 3*x. Calculate the remainder when z is divided by 7 - (-3 - -75)/(-12).
6
Suppose -b + 70 = 63. Suppose 126 = 5*n - 114. Suppose -b*o + 43 = -n. What is the remainder when o is divided by 8?
5
Let l = 8082 - 7388. What is the remainder when l is divided by 18?
10
Let m = 533 - 539. Calculate the remainder when (-5)/10*m - -94 is divided by 17.
12
Let v(f) = 2*f**2 - 13*f + 47. Suppose 4*o + 0*r = -4*r + 32, 0 = -3*r + 6. Calculate the remainder when v(o) is divided by 3.
2
Let r be 0/(-3) - 6*(-6 + 4). Calculate the remainder when (-837)/r*296/(-111) is divided by 27.
24
Let s = -927 + 422. Let m = 517 + s. Calculate the remainder when 165 is divided by m.
9
Let m = 13629 + -13575. Let s(v) = -v**3 - 7*v**2 - 7*v + 1. Calculate the remainder when m is divided by s(-6).
5
Suppose -217*y = 96*y - 167*y - 49202. Calculate the remainder when y is divided by 58.
47
Suppose -3*q + z = -16, -2*q = -6*z + 5*z - 11. What is the remainder when (-230 + 14/(-2))/(-3) is divided by q?
4
What is the remainder when 8505 is divided by (((-150)/(-21) - -6)/(-2))/(2/(-7))?
18
Suppose -13 = -7*k + 22. Suppose 308 = -9*b + k*b. Let w = b + 94. Calculate the remainder when 58 is divided by w.
7
Suppose -4*f - 2928 = -7*w + 3*w, -5*w + 3672 = f. What is the remainder when w is divided by 8?
6
Suppose -51*h = -48*h - 5*d - 5789, -2*d = -2*h + 3854. What is the remainder when h is divided by 16?
3
Suppose -82 = -t + l, t = -4*l + l + 102. What is the remainder when 367 is divided by t?
19
Let z be (315/(-14))/(-3)*142. Suppose 15*m = -0*m + z. Calculate the remainder when 424 is divided by m.
69
Suppose 3666 = -860*j + 899*j. Calculate the remainder when 282 is divided by j.
0
Let w be (-2)/(-14) - 30/(-35). Calculate the remainder when 68 is divided by (18 + -53)*w*-1.
33
Suppose 0 = -2*g + 3*s + 965, 0 = 2*g - 2*s + 111 - 1073. What is the remainder when g is divided by 80?
78
Let d(r) = r**2 + 1262*r - 18921. Suppose 2*s - 88 = -2*t - 3*s, -5*t - s + 174 = 0. What is the remainder when d(15) is divided by t?
30
Suppose 145*u + 1199 = 4*m + 150*u, -5*m + 1510 = -5*u. What is the remainder when m is divided by 31?
22
Calculate the remainder when (14/4 - 1)/(15420/(-15480) - -1) is divided by 299.
47
Calculate the remainder when (-3 - (-4 + -7)) + -2 + 78 is divided by 11.
7
What is the remainder when 463 is divided by (1770/60)/((-63)/(-14) - 8/2)?
50
Suppose -18135 = -147*p + 82*p. Calculate the remainder when p is divided by 68.
7
Let p = -6370 - -8613. Calculate the remainder when p is divided by 13.
7
What is the remainder when 4 + 3 - 83811/(-126) - (-15)/18 is divided by 138?
121
Let x(c) be the third derivative of -c**5/30 + 35*c**4/8 + 53*c**3/6 + c**2 + 3. Calculate the remainder when x(49) is divided by 20.
16
Let i(j) = 9*j - 30. Let d be i(-14). Let k = d + 158. Calculate the remainder when 14 is divided by k.
0
Let a(c) = 10*c**2 + c. Let x(r) = -r**2 + 7*r + 18. Let j be x(9). Suppose j = 27*l - 22*l + 5. What is the remainder when a(l) is divided by 4?
1
Let s(b) be the first derivative of b**4/4 + 10*b**3/3 - 17*b**2/2 + 7*b - 17. Calculate the remainder when s(-11) is divided by 25.
23
Let j be 2/(-9) + 10566/162. Suppose 0*r - j = -5*r. What is the remainder when r is divided by 2?
1
Let x(w) = w**3 + 5*w**2 - 3*w + 5. Let t be x(-5). Suppose -t*k + 441 = -439. Suppose -2*o = o - 48. What is the remainder when k is divided by o?
12
Suppose w = 3*w - 80. Let k be 1/2*w/(-4). What is the remainder when 34 is divided by (4 - k/5)/1?
4
Let s be (78/9 - 5)*(6 + 0). Let m(g) = -g**3 + 23*g**2 - 21*g - 16. Let h be m(s). Calculate the remainder when 34 is divided by (27/6)/(h/(-32)*-2).
10
Suppose 3*n + 515 = 8*n. Let t = -18 + n. Suppose -4*o + 17 = c, 5*c + 4*o - t = 3*o. What is the remainder when 33 is divided by c?
16
Let z(u) = 2*u**3 + 6*u**2 - 6*u - 4. Let l be z(-4). Let y = -5 - l. Suppose 752*r + 40 = 754*r. Calculate the remainder when r is divided by y.
6
Suppose 75 = 5*q - 5*u, -q - 3*u = 4*q - 115. Suppose -q - 37 = -3*m. Let l = 261 + -150. What is the remainder when l is divided by m?
16
Let q = 14864 + -12847. What is the remainder when q is divided by 202?
199
Suppose 0 = 5*l - o + 169 - 533, 3*l = 3*o + 228. Calculate the remainder when 140 is divided by l.
68
Suppose 33 = 3*j - 9. Suppose -11 + 5 = -3*l. Calculate the remainder when (-26 - -21)/(l/(-22)) is divided by j.
13
Let l(v) = 6*v + 5. Calculate the remainder when ((-10)/(-8))/((-5)/(-260)) is divided by l(2).
14
Let n(o) = -o**3 + 7*o**2 + 6*o - 49. Let f(l) = -l**3 + 7*l**2 + 6*l - 49. Let q(j) = 5*f(j) - 6*n(j). What is the remainder when 27 is divided by q(7)?
6
Let u(i) = -943*i + 1. Let m = -7 + 6. Let j be u(m). Suppose j = 4*w + 4*w. Calculate the remainder when w is divided by 15.
13
What is the remainder when 425 is divided by (-8638)/(-21) + (56/(-24) - -3)?
13
Suppose 8*i - 5*i = -4*i. Suppose -2*j + j - 3 = i. What is the remainder when 12 is divided by (8/(-12) - 1)*j?
2
Suppose -3*v = 4*q - 626, -127*q - 151 = -128*q + 2*v. Calculate the remainder when q is divided by 49.
8
Suppose 50*u = 2941 + 2559. Calculate the remainder when u is divided by (288/42)/(12/112).
46
Suppose 135065*o = 135041*o + 4848. Suppose 0*m + 3*m - 111 = 0. What is the remainder when o is divided by m?
17
Suppose -m = a + 1 - 0, a = -4*m + 5. Let k be (8/(-10))/((-36)/270). Suppose n - 11 = -k. Calculate the remainder when n is divided by m.
1
Let s be (2190/(-18))/5 - 5/3. Let h(c) = -c**2 - 26*c + 23. Calculate the remainder when 172 is divided by h(s).
11
Let z(s) = s**2 + 20*s - 5. Let w be z(2). What is the remainder when (-2)/(-4)*2*4485/w is divided by 27?
7
Let q(m) be the second derivative of 11*m**4/3 + m**3 + 5*m**2/2 - 3*m - 7. Calculate the remainder when 342 is divided by q(-1).
41
Suppose -3930 = -3*g + y, -15*y - 3930 = -3*g - 11*y. Let k = -608 + g. What is the remainder when k is divided by 47?
44
Let l(d) = -d**3 + 2*d**2 + 4*d - 1. Let t(m) = -m**3 - 10*m**2 + 74*m + 481. Calculate the remainder when l(-3) is divided by t(-13).
6
Let m = -321 - -568. Let g = -238 + m. Calculate the remainder when 33 is divided by g.
6
Let s = 5639 - 5019. What is the remainder when s is divided by 48?
44
Let l = 668 - 611. Calculate the remainder when 73 is divided by l.
16
Let z be (564 - (7 + -11)) + -3. Suppose -4*v + 4*m = -9*v + z, 605 = 5*v - 4*m. What is the remainder when v is divided by 24?
21
Suppose 199 = 4*d + 71. Suppose 3*h + 5*g - 3*g = 206, -3*h + 231 = -3*g. What is the remainder when ((-60)/(-18))/(4/h) is divided by d?
28
Let p be 2/(-2)*-4*(-297)/(-22). Suppose -27*u = p - 486. What is the remainder when 30 is divided by u?
14
Suppose 316*u - 33568 = 8776. What is the remainder when 2402 is divided by u?
124
Let k = 47 + -7. Suppose -k = 5*t - 515. Suppose -3*u - 36 = -3*h, 79*h = 78*h - 2*u. What is the remainder when t is divided by h?
7
Let i = 14 + 9. Suppose -m + 3*x = 5, 2*x - 2589 = -2*m - 2575. Calculate the remainder when i is divided by m.
3
Suppos